ppose 5*k = 3*k + 2. Suppose -2*l + k = -21. What is the tens digit of l?
1
Let r = 520 + -233. What is the tens digit of r?
8
Let d(v) = v**3 - v**2 - 4*v + 3. Let a be d(2). Suppose z - 12 = -3*l, 0 = 3*l - 0*z - z - 6. Let g = l + a. What is the units digit of g?
2
Suppose 5*g + 8 = 2*i, -3*g + 4*i = -2*g + 16. Suppose f - 16 = -4*r, g = 4*r + 4*f - 12 - 16. Suppose 14 - 2 = r*t. What is the units digit of t?
4
What is the units digit of 1/((-66)/(-16) + -4)?
8
Suppose 107 = -3*l + 6*l + 5*p, 5*l = 4*p + 240. What is the units digit of l?
4
Suppose 4*k - 15 = 5*u + 5*k, -k = u - 1. Let i be (u/(-6))/(8/36). Suppose -2*s - i = -3*s. What is the units digit of s?
3
Suppose 5*h - 70 = 3*h. What is the tens digit of h?
3
What is the units digit of 4/(-2)*12/(-3)?
8
Suppose 0 = g - 5*u - 15, -2*g + 2*u + 16 = 2. Suppose -5*m = g*v - 30, v = 4*m + 2*v - 36. What is the tens digit of m?
1
Let f(r) = -r - 7. Let q be f(-6). What is the units digit of (-2 - q)*3 + 4?
1
Let d(l) = l**3 - 8*l**2 + 11*l - 11. What is the units digit of d(7)?
7
Let n(x) = 3*x - 3. Let f be n(5). Let s = 24 - f. What is the units digit of s?
2
What is the units digit of 6/(-2 - (-124)/56)?
8
Suppose 2*q = -3*q. Let a = q - -1. What is the units digit of a?
1
Let f = 440 - 282. What is the tens digit of f?
5
Suppose 4*k + 88 = -124. Let s = -38 - k. What is the units digit of s?
5
Let s = -95 - -150. What is the units digit of s?
5
Let n(s) = -s**2 + 5*s + 8. What is the units digit of n(6)?
2
Let n(t) = t**2 - 7*t - 14. What is the units digit of n(10)?
6
Suppose 8*m = 5*m + 345. What is the hundreds digit of m?
1
Let w(a) = 3*a**2 - 4*a - 3. Let b be w(-3). Let i = -11 + b. Suppose 7*z - 2*z = i. What is the units digit of z?
5
Let q(b) = -3*b - 5 - 2*b + 4*b. Let f be q(-7). Suppose 0 = 2*i + 3*u - 8, -f*i - u = -i - 5. What is the units digit of i?
7
Let r(j) be the first derivative of -j**4/4 - j**3/3 - j**2/2 + j + 2. Let n be r(-2). Suppose 3*v = n*v - 20. What is the units digit of v?
5
Suppose o - b = -3, 5*b + 14 = -3*o - 3. Let z(d) = -d + 2. Let u be z(o). Suppose 0*h - u = -h. What is the units digit of h?
6
Let r = -13 - -9. Let x(z) = z**2 - 2*z - 4. What is the units digit of x(r)?
0
Let m = 152 + -142. What is the units digit of m?
0
Let a = 405 - 258. What is the tens digit of a?
4
Let g = -40 - 8. Let q = g + 68. What is the tens digit of q?
2
Let h = 131 - -34. What is the tens digit of h?
6
Suppose -r + 2*t = -144, 3*t - 6*t + 9 = 0. Suppose n = -5*n + r. What is the tens digit of n?
2
Let s = -11 - -12. Let g = 25 + s. What is the tens digit of g?
2
Suppose -2*h = -3*y + 164, -2*h + 8 = 2*h. What is the tens digit of y?
5
Suppose 3 + 0 = m. Suppose -5*z + 5*b + 25 = 0, -z - z + 15 = m*b. What is the units digit of z?
6
What is the hundreds digit of (-4)/((-12)/81)*(11 + -2)?
2
Suppose 92 = -2*u - m, -5*m = -3*u + u - 116. Let x = -24 - u. What is the tens digit of x?
2
Let c(b) = b**3 + 6*b**2 - 3*b + 5. Let k = 2 + -8. What is the units digit of c(k)?
3
Let g = 10 - -135. What is the hundreds digit of g?
1
What is the hundreds digit of (-6)/16 + 2966/16?
1
Let i(p) = p**3 + 8*p**2 + 5*p - 7. Suppose 27 = -r + 4*w, -2*w - 4 = 2*r - 0. Let b be i(r). Suppose -b = 3*f - 4*f. What is the units digit of f?
7
Let r = 15 - 1. Suppose -54 = -5*d - x, 2*x + r = 3*d - 21. What is the tens digit of d?
1
Let p(v) = v. Let b(o) = 6*o + 5. Let j(k) = b(k) - 3*p(k). What is the tens digit of j(6)?
2
Suppose 0 = -3*a - 4*b - 334, 0*b = -3*a + 2*b - 328. What is the units digit of (38/5)/((-22)/a)?
8
Suppose -5*k = -23 - 32. What is the tens digit of k?
1
Suppose -4*d - 3*o = -529 - 820, 4*d - 5*o = 1325. What is the units digit of d?
5
Suppose 4*v = -11 + 27. What is the units digit of v?
4
Let s = -70 - -49. Let l = -2 - s. What is the tens digit of l?
1
Suppose 0 = 3*z - 1 - 14. Suppose z*m - 5 = -0*m. What is the units digit of m?
1
Suppose -45 = -4*d + o, 2*d - d = -4*o - 10. What is the units digit of d?
0
Let g = -20 - -16. Let k(h) = h**2 - 3*h + 2. What is the units digit of k(g)?
0
Let q(o) = 9*o**2 - 16*o + 41. What is the hundreds digit of q(4)?
1
Let n(b) = 22*b + 53. What is the hundreds digit of n(7)?
2
Let h = -12 - -4. Let n(m) = -7*m + m**2 + 16*m + 2 + 9. What is the units digit of n(h)?
3
Suppose -w - 3 = 0, 4*w = 4*i + 5*w - 1525. What is the tens digit of i?
8
Suppose -l - 1228 = -5*l. What is the hundreds digit of l?
3
Suppose -4*v + 90 + 14 = 0. What is the units digit of v?
6
Let k = 11 + 0. Let g(m) = m**2 - 10*m - 9. Let f be g(k). Suppose 2*t = -4*w + 6, -f*t = -t + 5*w. What is the units digit of t?
5
What is the hundreds digit of 5544/15 + (-4)/(-10)?
3
Let a be (3 - 4)/(2/(-42)). Suppose 0*d + 2*d - 3*l + 13 = 0, -4*d + l = a. Let b = -2 - d. What is the units digit of b?
3
Suppose -18 + 2 = -4*c. Suppose 0*m - 3 = -5*a + 4*m, -c*a + 4*m = 0. What is the units digit of (-1 - -2 - -1) + a?
5
Let t = 32 - 19. What is the units digit of t?
3
Let v(w) = 2*w + 2. Let s be v(-2). Let i be 18/4 - (-1)/s. Suppose -i*o + 36 = -0*o - 3*j, 0 = -5*o - 3*j + 18. What is the units digit of o?
6
Let h(z) = -z. Let s be h(-1). Let l = s + 3. Suppose l - 22 = -3*n. What is the units digit of n?
6
Let c = -18 + 10. Let u = 19 + -10. Let y = c + u. What is the units digit of y?
1
Let s(r) = -3*r - 8*r - 8 + 2*r. Let u(a) = -a - 1. Let j(g) = s(g) - 6*u(g). What is the units digit of j(-3)?
7
Let y(r) = 3*r. Let w be y(-1). Let f = 7 + w. What is the units digit of f?
4
Suppose -8 = q + 3*q. What is the tens digit of (q - -1)/((-1)/31)?
3
What is the hundreds digit of (1243/55)/((-1)/(-5))?
1
Let o = 9 - 5. What is the units digit of 40/6 - o/6?
6
Suppose -4*k + 3*h = -26 - 1, 2*k = h + 15. What is the units digit of k?
9
Let w = 175 + -121. What is the units digit of w?
4
Let q be 40/15*(-9)/(-1). Suppose -4*z = -0*z - q. What is the units digit of z?
6
Let j = -69 - -105. What is the tens digit of j?
3
Suppose 7 - 3 = u. Let o be 2/u - (-1)/2. What is the units digit of (o/3 - 1)*-9?
6
Suppose 6 = -o + 7. Suppose 0 = -3*m + o + 2. What is the units digit of m?
1
Let t(f) = 3*f - 7. Let s be t(12). Let u = s + -22. What is the units digit of u?
7
Suppose 4*h = -0*h + 204. Suppose -h = -0*c - 3*c. What is the tens digit of c?
1
Let j be 8/(-4) + 2/(-2). Let d(w) = -2*w - 4. Let b be d(j). What is the units digit of ((-6)/(-10))/(b/10)?
3
Let s = -4 - -6. Let w(r) = 2*r**3 - 17*r**2 + 2*r - 13. Let j(b) = b**3 - 9*b**2 + b - 7. Let k(n) = 11*j(n) - 6*w(n). What is the units digit of k(s)?
3
Suppose -5*r = -4*i - 288, 4*r - 5*i = r + 165. What is the units digit of r?
0
Let m be (-4)/7*(-7)/2. Suppose -m*d + 3*d = 7. Suppose d = u - 0*u. What is the units digit of u?
7
Let h(q) = q + 1. Let w be h(4). Suppose 0 = 2*k - 3 - 9. Suppose -w*x - k = -3*x, -5*z + 36 = -2*x. What is the units digit of z?
6
Let t = 30 + -25. What is the units digit of t?
5
Suppose -5*q - f + 6 = 0, -f = -3*q + 10 - 0. Let n(u) = u**2 - 2*u - 1. Let r be n(q). Let j(b) = b**2. What is the units digit of j(r)?
1
Let r = 4 - -20. What is the units digit of r?
4
Suppose 3 = -4*k - 13. Let v = k + 6. Suppose 3*l - 3*x = 27, -v*l - 4*x = l - 6. What is the units digit of l?
6
Let t = 16 - -41. What is the tens digit of t?
5
Let y be (26 + 0 + 4)*-2. Let c = y - -111. What is the units digit of c?
1
Suppose -g = g. Let h be (1 + g)*(-3)/1. Let f = 13 + h. What is the units digit of f?
0
Let i(n) = -5*n**3 + n**2 - n + 1. Let j be i(-3). Suppose 2*z + 2*z - j = 2*y, 178 = 5*z + y. What is the tens digit of z?
3
What is the tens digit of 1/3*(8 - -34)?
1
Suppose 5*j - 316 = -3*g - g, -315 = -5*j - 5*g. Let x = j - 43. What is the tens digit of (-54)/x*7/(-1)?
1
Suppose 22*n - 20*n - 300 = 0. What is the tens digit of n?
5
Suppose 0 = -4*r + 5*r - 5. What is the tens digit of r*((-46)/(-5) + -2)?
3
Let x(u) be the first derivative of -3*u + 1/2*u**2 - 2. What is the units digit of x(8)?
5
Let k(p) = -4*p + 3. Suppose 0 = 2*i + 2*s + 18, 2*i - s = -0 - 3. Let j be k(i). Let a = j - 11. What is the units digit of a?
8
Let u(y) = -y**2 - y + 2*y**2 - 6*y**2. Let b be u(-1). Let g = -3 - b. What is the units digit of g?
1
Suppose -r + 11 = 3*j, j = 5*r - 0*j - 7. What is the units digit of 